 -6*d. List the prime factors of d.
3, 11
Suppose -3*m + 766 + 2 = 0. Let r = m + -113. Suppose -9 = -4*v + 7, 0 = k - 3*v - r. What are the prime factors of k?
5, 31
Let d = 19 + -14. Suppose 3*i + 289 = -u - 0*u, 0 = 2*i - d*u + 221. Let s = i + 216. What are the prime factors of s?
2, 59
What are the prime factors of 3/((-24)/838)*1*(-17172)/27?
3, 53, 419
Let q be 1038/4*2 - (1 - -3). Suppose 0 = -8*c + q - 75. List the prime factors of c.
5, 11
Let j(k) = 5*k**3 + k**2 - k. Let m be j(-1). Let v be (0 - 1)*2 + m. List the prime factors of (-143)/v - (2/(-5))/1.
29
Let q(t) = 21*t + 138. Let x be q(4). What are the prime factors of (-287)/(-41) + 0 + x?
229
Let m(j) = -198*j + 2308. List the prime factors of m(0).
2, 577
Suppose -4*g - 25479 = 5*i, 19108 = -5*g + 2*g - 4*i. List the prime factors of (9/(-12))/(19131/g - -3).
2, 797
Let k = 980 + -495. Let f = k - 251. List the prime factors of f.
2, 3, 13
Suppose 4*k + 117 + 831 = 0. Let w = k - -663. List the prime factors of w.
2, 3, 71
Suppose 7*v - 5*v = 10. Suppose 0 = 4*a, 5*w - 177 = 4*w - v*a. Let o = w - 126. What are the prime factors of o?
3, 17
Let l = -327 - -192. Let f = 79 + l. What are the prime factors of f/(((-3)/(-4))/(6/(-4)))?
2, 7
Let q(o) be the first derivative of o + 205/3*o**3 - 24 - 1/2*o**2. List the prime factors of q(1).
5, 41
Suppose 0*m - 12172179 = -70*m - 109*m. List the prime factors of m.
3, 19, 1193
Suppose -6*w + 17 = -13. Suppose 4*i = 0, 0*o - 3*i + 10 = w*o. Suppose 32 = 5*h - 3*s, -h - o*s = -4*s - 12. List the prime factors of h.
2
Let p be 3/((-18)/48*-2). Suppose p*z + 2*u = 2874, 0*z + 5*z + 4*u = 3588. List the prime factors of z.
2, 3, 5
Suppose 5*g - 44 = 9*g. Let p be 4*(g/3 - (-2)/(-6)). Let d = p + 46. What are the prime factors of d?
2, 3, 5
Let a(r) = 10*r**2 - 3. Let k be (-76)/36 - (-2)/18. Let z be a(k). Suppose -2*c - z = -147. List the prime factors of c.
5, 11
Let t be (-4)/(-14) + 37/(-7). Let k(o) be the first derivative of -o**4/2 - 11*o**3/3 - 7*o**2/2 + 3*o + 607. What are the prime factors of k(t)?
13
Suppose -3*q + 17226 = -2*p, -37 = -p - 43. List the prime factors of q.
2, 19, 151
Suppose -3*p - 5*f - 2 = -20, 5*p = 4*f + 67. Suppose 306 = -5*v + p*v. What are the prime factors of (156 + -2)/(-2)*v/(-17)?
3, 7, 11
Let u(l) = 817*l**3 - 11*l**2 + 15*l + 7. List the prime factors of u(2).
6529
Suppose -3*d - 490 = -v + 1564, 4*d - 4 = 0. What are the prime factors of v?
11, 17
Suppose 2*w - 214 = 3*b - 5*b, 2*b - 214 = 2*w. Let s = b - 19. What are the prime factors of s?
2, 11
Let k(n) = -59*n + 3. Let p be k(-7). Let t = p + 106. What are the prime factors of t?
2, 3, 29
Suppose -3*p + o + 6200 = 0, 5*p - 5577 = 5*o + 4763. List the prime factors of p.
2, 1033
Suppose -96*w + 68192 = -64*w. List the prime factors of w.
2131
Suppose 0 = 438*f - 347*f - 5269992. List the prime factors of f.
2, 3, 19, 127
Suppose 0*o = -2*i - 3*o + 176, 3*i - 4*o = 264. Suppose -h = i - 439. List the prime factors of h.
3, 13
Suppose 0*f - 9*f = -756. Suppose 2*d - f - 394 = 0. List the prime factors of d.
239
Let w(d) = -5 - 5*d**2 + 3*d**2 - 239*d + 244*d**3 + 245*d. Let j be w(1). Suppose 9*x - j = 1233. List the prime factors of x.
2, 41
Let z be 2/14 - (38020/70 + 3). Let w = -82 - z. List the prime factors of w.
2, 29
List the prime factors of (-81874)/(-10) - (-412)/(-1030).
3, 2729
Let m(a) = 2*a**3 + 8*a**2 + 20*a - 296. What are the prime factors of m(10)?
2, 13
Let q(p) = -2*p**2 + 81*p - 199. Let s be q(31). Suppose -i = -3*i + 308. Let w = s - i. List the prime factors of w.
2, 59
Suppose 4*j = 10*j + 3594. Let z = -144 - j. What are the prime factors of z?
5, 7, 13
Let n(u) = 12*u**2 + 6*u - 18. Let i be n(5). Let v = i + -170. List the prime factors of v.
2, 71
Suppose v - 4*a = 1870, 31*v - 7444 = 27*v - 2*a. What are the prime factors of v?
2, 7, 19
Let o(h) = 5 + 4*h - 3*h - 26 + 0*h. Let l be o(7). What are the prime factors of (-1071)/l + (-3)/(-6)?
7, 11
Suppose -140*l + 368333 = -350567. What are the prime factors of l?
5, 13, 79
Let g(f) = f**3 + 3*f**2 - f. Let w be g(1). Suppose 5*m + 30 + 2 = r, -5*m - w*r - 24 = 0. List the prime factors of ((-2)/(-4))/(m/(-1020)).
5, 17
Let f be (-116)/3*(-6)/4. Suppose -1058 - f = -9*h. List the prime factors of h.
2, 31
Let r(u) = u**3 + 17*u**2 + 4*u + 5. Let k(h) = h**2 - h. Let b(c) = -2*k(c) + r(c). Suppose -248 = 24*s + 88. What are the prime factors of b(s)?
3, 13
Suppose -5*f + 20 = 0, -d = f + 2*f - 376. Suppose d = 6*v - 110. List the prime factors of v.
79
Suppose 333 = -6*v + 1227. Let q = 327 - v. List the prime factors of q.
2, 89
Suppose -29*m - 5 = -24*m. What are the prime factors of -90*(1 - (-9)/(-6)) + m?
2, 11
Let v be 129/(4/(20/(-5))). Let y = 223 + v. Suppose -2*z = -y - 4. List the prime factors of z.
7
Let c(k) = 3*k**3 + 3*k - 2. Let s be c(1). Let p(n) = 59 + s*n - 6*n - 3*n + 7*n. List the prime factors of p(7).
73
Let o(m) = m**2 + 43*m + 283. Let d be o(-8). Suppose 6979 = 4*q + s, 4*s - 6964 = d*q - 7*q. List the prime factors of q.
2, 3, 97
Suppose -6*p = 489 - 1383. Let m be 16/6 - (-6)/18. Suppose m*y - p - 58 = 0. List the prime factors of y.
3, 23
Let n = 946 + -546. Suppose 0*s + 4*h = s + 117, 4*s + h + n = 0. Let r = 171 + s. What are the prime factors of r?
2, 5, 7
Let r be 2*457 - (-198)/99. Let b = 1722 - r. What are the prime factors of b?
2, 13, 31
List the prime factors of ((-1064)/(-35))/((-85)/150 + 2/3).
2, 19
Let m(s) = -322*s - 3732. What are the prime factors of m(-86)?
2, 5, 599
Suppose 3*i = -2*r - 1256, 0 = 2*i + 6*r - 7*r + 842. Let t = -123 - i. What are the prime factors of t?
3, 11
Suppose 2*x = -3*q + 1172 + 260, -2*q = -4*x - 960. Let g = 731 - q. List the prime factors of g.
11, 23
Suppose -5*t = -13*t + 160. Suppose -t = -5*h + 9*h, -4*v - 4*h + 8 = 0. Suppose -v*o + 456 = 5*o. List the prime factors of o.
2, 19
Suppose -5*q + 41515 = -5*d, 0 = 3*q - d - 1697 - 23212. List the prime factors of q.
19, 23
Let l = 1779 - 1172. List the prime factors of l.
607
Let p = 29 + -27. Suppose -b - p*t - 2 = -0*b, -2*t - 2 = 3*b. Suppose -a = 2*d - 144, d - a - 78 = -b*a. What are the prime factors of d?
2, 37
Let q(u) = -147*u - 122. Let r = -248 + 240. List the prime factors of q(r).
2, 17, 31
Let a = 50033 - 34559. List the prime factors of a.
2, 3, 2579
Let f(a) = a - 12. Let z(j) = 4*j**2 + 3*j + 9. Let d be z(4). Suppose 2*w = -3*o + 77, 6*w - 2*w = -3*o + d. What are the prime factors of f(o)?
11
Let o be -5 - -1 - 4*10/8. What are the prime factors of 1523/(2*o/(-18))?
1523
What are the prime factors of -3 + 2 - (-16 - (-42109)/(-17))?
2, 7, 89
Let k(n) = -2*n + 10. Let v be k(5). Suppose 5*a + 3*m - 1006 = v, 0*a + 5*a + 4*m - 1003 = 0. List the prime factors of a.
7, 29
Let z(m) = 5*m - 11. Let k be z(8). What are the prime factors of 15/(-3) + (k - 0)?
2, 3
Let r(m) = m**2 + 6*m + 8. Let y be r(-4). Let i be (-118)/(-4) + (-1)/(-2). Suppose -k + 6 + i = y. List the prime factors of k.
2, 3
Let b be ((-183)/(-6))/((-1)/6). Let h = 329 + b. What are the prime factors of h?
2, 73
Suppose 0 = -4*f - 5*u + 6, 2*f = 4*u + 19 - 3. Suppose 3*w = -2*s - f, -w - 4*s - 28 = -10. What are the prime factors of (27/(-18))/(w/(-140))?
3, 5, 7
Let h = 548 - -332. Let g = -650 + h. List the prime factors of g.
2, 5, 23
Let k(c) = -18*c - 65. Let l be k(-3). Let x(u) = 11*u**2 + 12*u - 17. What are the prime factors of x(l)?
2, 3, 197
Suppose 24374 = 20*t - 87346. Suppose 20*p = -p + t. List the prime factors of p.
2, 7, 19
Suppose -5*f + 50 = 5*v, -5*f = -4*v + 47 + 20. Suppose 0 = -3*o + v*o - 4330. What are the prime factors of o?
433
Suppose 0 = 358*d - 1755566 - 2162028. What are the prime factors of d?
31, 353
Suppose 94*j - 38*j = 14504. Suppose -3396 = 257*g - j*g. List the prime factors of g.
2, 3, 283
Let q(f) = 3*f + 8. Let w be q(-2). What are the prime factors of (293 - 7) + 0 + w*2?
2, 5, 29
Suppose -4*j + 60397 = 5*c, 0 = -27*c + 31*c - 2*j - 48328. List the prime factors of c.
3, 4027
Suppose 0 = 20302*z - 20315*z + 714142. What are the prime factors of z?
2, 11, 227
Suppose 22*c - 24 = 20*c. List the prime factors of 5 + 1215/c + 3/(-12).
2, 53
Suppose 59*q - 130*q - 485810 = -108*q. What are the prime factors of q